se 195 = -g + 4*g. Suppose 3*b - 17 = -11. Suppose -7*v = -b*v - g. What is the units digit of v?
3
Suppose -13*n + 4*c + 767 = -10*n, n + c - 265 = 0. What is the tens digit of n?
6
Suppose 0 = 4*l - 0*l + 2*m - 1804, -5*m = -3*l + 1340. What is the hundreds digit of l?
4
Let a = -19 - -28. Suppose 9 = -a*j + 342. What is the tens digit of j?
3
Suppose 147 = 3*z - 2*z. Suppose -h + 71 = 3*k, 5*k = -2*h - 0*k + z. What is the tens digit of h?
8
Let j(p) be the first derivative of -p**3/3 + 4*p**2 + 2*p + 10. What is the units digit of j(6)?
4
Let p = 448 - 423. What is the tens digit of p?
2
Suppose -715 = -12*m - m. Let y = 69 - m. What is the tens digit of y?
1
Suppose -194 = -5*b + 1411. Suppose 4*g - 2*k - b = -5*k, 4*k = 2*g - 144. What is the tens digit of g?
7
Suppose 4*w = q - 719, 0 = 4*w - q - 4*q + 715. Let n = w - -370. What is the tens digit of n?
9
Suppose 5*t - 51 = 4*h, -3*h = 4*t - 8 + 23. What is the tens digit of (266/8 + 2)*(-24)/h?
9
Let t(l) = l**2 - 9*l - 31. Let h be t(20). Suppose -5*s = -h - 86. What is the tens digit of s?
5
Let j be (-8)/3*(-87 + 12). Suppose 0 = -5*g + 15, -u = -2*u - 5*g + j. Suppose u = -3*v + 8*v. What is the units digit of v?
7
Let d(x) = 14 - 5*x**3 + 4*x**3 + 8*x**2 - 9*x**2 - x + 2*x. Let r be d(0). Let a = 38 - r. What is the units digit of a?
4
What is the tens digit of (-348830)/(-70) - (-16)/(-56)?
8
Suppose -2*m + 15 = 5. Let h be (8/3)/(m/150). Let s = h - 32. What is the units digit of s?
8
Suppose -3*s = 3*o + 108 - 279, -242 = -4*s + 3*o. Suppose 2*u - s = p, -3*p - 8 + 150 = 5*u. What is the tens digit of u?
2
Let q(k) be the third derivative of k**4/24 + k**3/2 + 6*k**2. Let n be q(2). Suppose 92 = -n*x + 9*x. What is the tens digit of x?
2
Let q(o) = 29*o**2 - 10*o + 9. What is the hundreds digit of q(6)?
9
Let k = -92 + 158. Let f = -39 + k. Let o = -4 + f. What is the tens digit of o?
2
Suppose -93 = -6*i + 9*i. Let z = i + 67. What is the units digit of z?
6
What is the units digit of 11154/(-22)*(-2)/2?
7
Let g be ((-6)/10)/((-20)/300). Let q = -14 - -42. Let t = q - g. What is the tens digit of t?
1
What is the hundreds digit of (-2)/(-17) - ((-1808616)/408 + 2)?
4
Suppose -6*y = -3*y, 5*i = -5*y + 895. What is the hundreds digit of i?
1
Suppose 0 = -4*b + 5*b - 20. Let o = -17 + b. Suppose 4*u + 109 = o*l, 7*l - u - 176 = 2*l. What is the units digit of l?
5
Suppose 0 = 2*h + 4*y + 56, 0 = -h - 0*y + 3*y - 23. Let m = h + 230. What is the units digit of m?
4
Let k = 3680 - 2569. What is the units digit of k?
1
Suppose 0 = -y + p + 470, 1406 = 3*y - 0*p - 2*p. What is the tens digit of y?
6
Let u = -11 - -10. Let a(m) = 22*m**2 - 2*m + 1. Let q(p) = -21*p**2 + p - 1. Let g(h) = -3*a(h) - 4*q(h). What is the tens digit of g(u)?
1
Let r(h) = -h**2 - 7*h + 39. Let w be r(-8). Suppose -3*s = 2*l - 187, l = -3*s - 4*l + 202. Let g = s - w. What is the units digit of g?
8
What is the tens digit of -1 - (-24)/(-6) - -4 - -38?
3
What is the units digit of 14 + -7 + 74 - -10?
1
Let w = 4668 - 2477. What is the tens digit of w?
9
Suppose 0 = -2*v + 1 - 3. Let t be -61*v*(-2)/(-2). Suppose -u + 4 = -t. What is the tens digit of u?
6
Let x = -11 + 17. Suppose 10*g = x*g. Suppose 5*w - 90 = -g*w. What is the units digit of w?
8
Let x = 169 + -11. What is the tens digit of x?
5
Let a(w) = 7*w**2 + 3*w - 281. What is the tens digit of a(-17)?
9
Let p be (3 - 17)*-2*6. Let k = -46 + p. What is the hundreds digit of k?
1
Let t(c) = 5*c**3 + c**2 - 2*c + 1. Let a(r) = r + 1. Let y be a(0). Let v be t(y). Suppose 4*l = -l + 2*f + 25, 0 = -v*f. What is the units digit of l?
5
Let q = -449 - -915. Suppose 2*m + 162 = q. Suppose -4*k + 20 = 0, 4*r = -0*r + 4*k + m. What is the units digit of r?
3
Let u(r) = 7*r**2 + r + 1. Let x be u(-2). Let g = 30 - x. Suppose 5*j - 5*b - 395 = 0, -5*j = -g*b - 620 + 227. What is the tens digit of j?
7
Let f be 15/(-2)*(3 - 28/12). What is the tens digit of (-466)/(-6) - -4*f/(-60)?
7
Let b = 4 + -64. Let r be (-12)/42 + b/(-14). Suppose 0 = -r*l + 11 + 5. What is the units digit of l?
4
Let a(j) = -2*j + 1. Let s be a(0). What is the units digit of (s - (-4 + 3))/(2/7)?
7
Let q = -4 + 19. What is the tens digit of (-9)/q - (-534)/15?
3
Let g = -24 + 20. What is the tens digit of (g/6)/((-4)/216)?
3
Let s(h) = -h**2 + 5*h - 1. Let j be s(3). Suppose -5*y + 5 = -10*b + 15*b, 0 = 5*y - 4*b - 32. Let d = y + j. What is the units digit of d?
9
What is the units digit of -3 - (-1 + 6*-96)?
4
Let f = -20 + 53. Suppose 5*j = -5, -5*i = -j + 7 - f. Suppose i*s - 15 = -2*v + 4*s, 3*v + 2*s - 23 = 0. What is the units digit of v?
7
Suppose -2 = c + 1. Suppose -2*r - 5*t = -121, -5*r - 13*t + 230 = -15*t. What is the units digit of r*(-2 - c) + 2?
0
Suppose -3 = -l, -5*j + 0*l = -l - 207. Suppose j = 3*g + 5*c, 2*c - 2 = -g + 13. What is the units digit of g?
9
Let b(d) = d**3 + 3*d**2 - 5*d + 5. Let a be b(-6). Let m = 148 + a. What is the units digit of m?
5
Let q(y) = -y**2 + 20*y - 19. Let m be q(19). Suppose 0 = -6*h + 4*h + 134. Suppose -4*b - 10 = -2*c - m*c, -4*b = 5*c - h. What is the units digit of c?
1
Suppose -1058 = -2*b + 1136. What is the units digit of b?
7
Suppose 5*w - w = -28. Let g(i) = 2*i**2 + 2. Let m be g(-4). Let x = m - w. What is the units digit of x?
1
Suppose -t + 5 = -0*t, 2*i - 41 = -5*t. Suppose -f - 4 + 6 = 0. Suppose i = w - f. What is the tens digit of w?
1
Let c(w) be the first derivative of -2*w**4 - w**2 - 23. What is the units digit of c(-2)?
8
Let x = -66 + 308. Let l = x - 159. What is the tens digit of l?
8
Let w(t) = 196*t - 9. Let q be w(-1). What is the tens digit of (-52808)/q + 1/((-5)/(-2))?
5
Suppose 3*q + 0*q = 15. Suppose 0 = -q*n - 4*w + 5, -4*n + 5 = 4*w - w. Suppose -n*s - 90 = -10*s. What is the units digit of s?
8
Let x(u) = 2*u**3 - 5*u**2 + u - 1. Let t be x(2). What is the units digit of 2/(t/(-32 - -5))?
8
Let g(k) = 151*k**2 + 28*k - 78. What is the units digit of g(5)?
7
Suppose -102 = 3*n - b - 26, 2*n = 2*b - 56. Let f = 1 - n. Suppose -z + 22 + f = 0. What is the units digit of z?
7
Suppose 9*r - 348 = -60. What is the tens digit of r?
3
Let f(c) be the third derivative of 49*c**4/24 - 3*c**3/2 - 12*c**2. What is the tens digit of f(3)?
3
Let h be 32/(-6) - (-2)/(-9)*3. What is the units digit of (-5 - h)*109/(0 + 1)?
9
Suppose -1088 = -2*w - 44. What is the units digit of w?
2
What is the hundreds digit of (-5591)/(-8) - (6 - (-147)/(-24))?
6
Let k = -113 - -375. Suppose 5*d = 128 + k. Suppose -3*m + 3*s + d = 0, -2*s - 60 = -2*m + 2*s. What is the tens digit of m?
2
Let t(d) = 25*d**3 + d - 1. Let u(b) = -2 + b**3 + 3 + 15*b**2 - 20*b**2 + 4*b. Let w be u(4). What is the tens digit of t(w)?
2
Let p = -13 + 15. What is the units digit of (-125)/5*(p - 4)?
0
Let l be (63/12)/(-7)*4. Let w be l*1 - (-3 + 13). Let q = 17 + w. What is the units digit of q?
4
Suppose -45 = -3*z - 9. Suppose 6*x - 2*x = z, -4*u + 68 = 4*x. What is the tens digit of u?
1
Suppose -10*y - 12 = -14*y. Suppose y*w = 10*w - 63. What is the units digit of w?
9
Let p(j) be the second derivative of 5*j**3/6 - 3*j**2 + 10*j + 2. Let b = -2 + 8. What is the tens digit of p(b)?
2
Let q be 2093/(-13) - (-4)/(-1). Let f = q - -261. Suppose 0 = -2*h + 5*h - f. What is the tens digit of h?
3
Let p(x) = x**3 + 43*x**2 + 39*x + 44. What is the tens digit of p(-42)?
7
Let j be (15/(-4))/((-9)/(-24)). What is the units digit of j/3 + 3 - 85/(-3)?
8
Let u(r) = 3*r**2 - 39*r - 1. Let g be u(13). What is the tens digit of 24*(g/3)/((-1)/3)?
2
Let u = 1679 + -967. What is the units digit of u?
2
Let z(f) = 145*f**3 - f. Let g be z(-1). Let t = g - -227. What is the units digit of t?
3
What is the units digit of 457*((-12)/3)/(24/(-18))?
1
Let x(h) = -710*h + 734. What is the units digit of x(-6)?
4
Let s be (-1665)/12 - (-3)/(-12). Let k = -94 - s. Suppose -7 = -4*n + k. What is the tens digit of n?
1
Suppose 4*h + 4*n = 108, 4*h - 3*h - 21 = -3*n. What is the tens digit of h?
3
Let j(q) = -90*q - 232. What is the thousands digit of j(-14)?
1
Let w(o) be the third derivative of -19*o**4/24 + 2*o**3/3 + 12*o**2. What is the units digit of w(-2)?
2
Suppose 10*n - 13 = 5*n - i, -3*i - 18 = -4*n. Suppose 8 = n*c - 4. Suppose -5*o + 38 + 82 = c*v, 35 = 